{"id":1794,"date":"2022-04-20T03:21:03","date_gmt":"2022-04-20T00:21:03","guid":{"rendered":"https:\/\/4lconduite.yt\/?page_id=1794"},"modified":"2025-04-08T09:13:55","modified_gmt":"2025-04-08T06:13:55","slug":"mon-compte-personnel-formation","status":"publish","type":"page","link":"https:\/\/4lconduite.yt\/index.php\/mon-compte-personnel-formation\/","title":{"rendered":"Compte Personnel Formation"},"content":{"rendered":"\t\t<div data-elementor-type=\"wp-page\" data-elementor-id=\"1794\" class=\"elementor elementor-1794\" data-elementor-settings=\"[]\">\n\t\t\t\t\t\t<div class=\"elementor-inner\">\n\t\t\t\t\t\t\t<div class=\"elementor-section-wrap\">\n\t\t\t\t\t\t\t<section class=\"elementor-section elementor-top-section elementor-element elementor-element-5a36a83 elementor-section-boxed elementor-section-height-default elementor-section-height-default elementor-invisible\" data-id=\"5a36a83\" data-element_type=\"section\" data-settings=\"{&quot;animation&quot;:&quot;fadeIn&quot;}\">\n\t\t\t\t\t\t<div class=\"elementor-container elementor-column-gap-default\">\n\t\t\t\t\t\t\t<div class=\"elementor-row\">\n\t\t\t\t\t<div class=\"elementor-column elementor-col-100 elementor-top-column elementor-element elementor-element-7f42095\" data-id=\"7f42095\" data-element_type=\"column\">\n\t\t\t<div class=\"elementor-column-wrap elementor-element-populated\">\n\t\t\t\t\t\t\t<div class=\"elementor-widget-wrap\">\n\t\t\t\t\t\t<div class=\"elementor-element elementor-element-0a87675 elementor-widget-divider--view-line elementor-widget elementor-widget-divider\" data-id=\"0a87675\" data-element_type=\"widget\" data-widget_type=\"divider.default\">\n\t\t\t\t<div class=\"elementor-widget-container\">\n\t\t\t\t\t<div class=\"elementor-divider\">\n\t\t\t<span class=\"elementor-divider-separator\">\n\t\t\t\t\t\t<\/span>\n\t\t<\/div>\n\t\t\t\t<\/div>\n\t\t\t\t<\/div>\n\t\t\t\t<div class=\"elementor-element elementor-element-d0e14e8 elementor-widget elementor-widget-heading\" data-id=\"d0e14e8\" data-element_type=\"widget\" data-widget_type=\"heading.default\">\n\t\t\t\t<div class=\"elementor-widget-container\">\n\t\t\t<h4 class=\"elementor-heading-title elementor-size-default\">PLUSIEURS FORMATIONS OUVERTES AU FINANCEMENT via <b>CPF<\/b><\/h4>\t\t<\/div>\n\t\t\t\t<\/div>\n\t\t\t\t<div class=\"elementor-element elementor-element-7de0b55 elementor-widget-divider--view-line elementor-widget elementor-widget-divider\" data-id=\"7de0b55\" data-element_type=\"widget\" data-widget_type=\"divider.default\">\n\t\t\t\t<div class=\"elementor-widget-container\">\n\t\t\t\t\t<div class=\"elementor-divider\">\n\t\t\t<span class=\"elementor-divider-separator\">\n\t\t\t\t\t\t<\/span>\n\t\t<\/div>\n\t\t\t\t<\/div>\n\t\t\t\t<\/div>\n\t\t\t\t<div class=\"elementor-element elementor-element-6cb2fdf elementor-tabs-view-horizontal elementor-widget elementor-widget-tabs\" data-id=\"6cb2fdf\" data-element_type=\"widget\" data-widget_type=\"tabs.default\">\n\t\t\t\t<div class=\"elementor-widget-container\">\n\t\t\t\t\t<div class=\"elementor-tabs\" role=\"tablist\">\n\t\t\t<div class=\"elementor-tabs-wrapper\">\n\t\t\t\t\t\t\t\t\t<div id=\"elementor-tab-title-1131\" class=\"elementor-tab-title elementor-tab-desktop-title\" data-tab=\"1\" role=\"tab\" aria-controls=\"elementor-tab-content-1131\"><a href=\"\">COMPTE PERSONNEL FORMATION<\/a><\/div>\n\t\t\t\t\t\t\t\t\t<div id=\"elementor-tab-title-1132\" class=\"elementor-tab-title elementor-tab-desktop-title\" data-tab=\"2\" role=\"tab\" aria-controls=\"elementor-tab-content-1132\"><a href=\"\">FORMATIONS OUVERTES AU FINANCEMENT CPF<\/a><\/div>\n\t\t\t\t\t\t\t<\/div>\n\t\t\t<div class=\"elementor-tabs-content-wrapper\">\n\t\t\t\t\t\t\t\t\t<div class=\"elementor-tab-title elementor-tab-mobile-title\" data-tab=\"1\" role=\"tab\">COMPTE PERSONNEL FORMATION<\/div>\n\t\t\t\t\t<div id=\"elementor-tab-content-1131\" class=\"elementor-tab-content elementor-clearfix\" data-tab=\"1\" role=\"tabpanel\" aria-labelledby=\"elementor-tab-title-1131\"><h3><img loading=\"lazy\" class=\"alignnone size-full wp-image-1674 alignleft\" src=\"https:\/\/4lconduite.yt\/wp-content\/uploads\/2022\/03\/cpf.png\" alt=\"\" width=\"215\" height=\"214\" srcset=\"https:\/\/4lconduite.yt\/wp-content\/uploads\/2022\/03\/cpf.png 215w, https:\/\/4lconduite.yt\/wp-content\/uploads\/2022\/03\/cpf-150x150.png 150w\" sizes=\"(max-width: 215px) 100vw, 215px\" \/><strong>COMPTE PERSONNEL FORMATION<\/strong><\/h3><p>Le <strong>Compte personnel de formation<\/strong> (<strong>CPF<\/strong>) permet \u00e0 toute personne active, d\u00e8s son entr\u00e9e sur le march\u00e9 du travail et jusqu\u2019\u00e0 la date \u00e0 laquelle elle fait valoir l\u2019ensemble de ses droits \u00e0 la retraite, d\u2019acqu\u00e9rir des droits \u00e0 la formation mobilisables tout au long de sa vie professionnelle.<\/p><p>L\u2019ambition du Compte personnel de formation (CPF) est ainsi de <strong>contribuer, \u00e0 l\u2019initiative de la personne elle-m\u00eame<\/strong>, au maintien de l\u2019employabilit\u00e9 et \u00e0 la s\u00e9curisation du parcours professionnel.<\/p><p>Le <strong>Compte personnel de formation<\/strong> (<strong>CPF<\/strong>) s\u2019adresse \u00e0\u00a0:<\/p><ul class=\"spip\"><li><strong>toutes les personnes de 16 ans et plus<\/strong><\/li><li><strong>par d\u00e9rogation, les jeunes de 15 ans, ayant sign\u00e9 un contrat d\u2019apprentissage, sont \u00e9galement concern\u00e9s<\/strong><\/li><li><strong>le Compte personnel de formation (CPF) <\/strong>est ferm\u00e9 \u00e0 la date \u00e0 la laquelle son titulaire \u00e0 fait valoir l\u2019ensemble de ses droits \u00e0 la retraite, par exception au titre des activit\u00e9s b\u00e9n\u00e9voles et de volontariat que le salari\u00e9 exerce.<\/li><\/ul><p>D\u00e8s 65 ans, le compte CPF est automatiquement ferm\u00e9 pour les salari\u00e9s ayant liquid\u00e9s leurs droits \u00e0 la retraite et n\u2019ayant pas repris d\u2019activit\u00e9 salari\u00e9e.<\/p><p><strong>Source<\/strong> : <strong><a href=\"https:\/\/travail-emploi.gouv.fr\/formation-professionnelle\/droit-a-la-formation-et-orientation-professionnelle\/compte-personnel-formation\">Travail Emploi<\/a><\/strong><\/p><\/div>\n\t\t\t\t\t\t\t\t\t<div class=\"elementor-tab-title elementor-tab-mobile-title\" data-tab=\"2\" role=\"tab\">FORMATIONS OUVERTES AU FINANCEMENT CPF<\/div>\n\t\t\t\t\t<div id=\"elementor-tab-content-1132\" class=\"elementor-tab-content elementor-clearfix\" data-tab=\"2\" role=\"tabpanel\" aria-labelledby=\"elementor-tab-title-1132\"><p>Nous avons actuellement <strong>17 formations<\/strong> pouvant \u00eatre financ\u00e9es par votre CPF\u00a0<\/p><p><strong>________________<\/strong><\/p><ul><li><a href=\"https:\/\/4lconduite.yt\/index.php\/tarifs-code\/\">Formule Code (8mois) &#8211; Avec Dossier<\/a><\/li><li><a href=\"https:\/\/4lconduite.yt\/index.php\/tarifs-code\/\">Formule Code (8mois) &#8211; Sans Dossier<\/a><\/li><\/ul><p>________________<\/p><ul><li><a href=\"https:\/\/4lconduite.yt\/index.php\/permis\/\">Formule Permis B &#8211; Code ( 8mois ) + 20H Conduite<\/a><\/li><li><a href=\"https:\/\/4lconduite.yt\/index.php\/permis\/\">Formule Permis B &#8211; Code ( 8mois ) + 35H Conduite<\/a><\/li><li><a href=\"https:\/\/4lconduite.yt\/index.php\/permis\/\">Formule Permis B &#8211; Code ( 8mois ) + 45H Conduite<\/a><\/li><\/ul><p>________________<\/p><ul><li><a href=\"https:\/\/4lconduite.yt\/index.php\/tarifs-permis-b78\/\">Formule Permis B78 &#8211; Code ( 8mois ) + 13H Conduite<\/a><\/li><li><a href=\"https:\/\/4lconduite.yt\/index.php\/tarifs-permis-b78\/\">Passerelle Permis B78 vers PermisB &#8211; 7H Obligatoires<\/a>\u00a0\u00a0<\/li><\/ul><p>________________<\/p><ul><li><a href=\"https:\/\/4lconduite.yt\/index.php\/permis\/\">Formule Permis B &#8211; 20H Conduite<\/a><\/li><li><a href=\"https:\/\/4lconduite.yt\/index.php\/permis\/\">Formule Permis B &#8211; 35H Conduite<\/a><\/li><li><a href=\"https:\/\/4lconduite.yt\/index.php\/permis\/\">Formule Permis B &#8211; 45H Conduite<\/a><\/li><li><a href=\"https:\/\/4lconduite.yt\/index.php\/permis\/\">Formule Permis B78 &#8211; 35H Conduite<\/a>\u00a0<\/li><li><a href=\"https:\/\/4lconduite.yt\/index.php\/permis\/\">Formule Permis B78 &#8211; 45H Conduite<\/a><\/li><\/ul><p>________________<\/p><ul><li><a href=\"https:\/\/4lconduite.yt\/index.php\/permis\/\">Formule Permis B &#8211; 10H Compl\u00e9mentaires<\/a><\/li><li><a href=\"https:\/\/4lconduite.yt\/index.php\/permis\/\">Formule Permis B &#8211; 15H Compl\u00e9mentaires<\/a><\/li><li><a href=\"https:\/\/4lconduite.yt\/index.php\/permis\/\">Formule Permis B78 &#8211; 10H Compl\u00e9mentaires<\/a><\/li><li><a href=\"https:\/\/4lconduite.yt\/index.php\/permis\/\">Formule Permis B78 &#8211; 15H Compl\u00e9mentaires<\/a><\/li><li><a href=\"https:\/\/4lconduite.yt\/index.php\/permis\/\">Formule Permis B78 &#8211; 20H Compl\u00e9mentaires<\/a><\/li><\/ul><\/div>\n\t\t\t\t\t\t\t<\/div>\n\t\t<\/div>\n\t\t\t\t<\/div>\n\t\t\t\t<\/div>\n\t\t\t\t\t\t<\/div>\n\t\t\t\t\t<\/div>\n\t\t<\/div>\n\t\t\t\t\t\t\t\t<\/div>\n\t\t\t\t\t<\/div>\n\t\t<\/section>\n\t\t\t\t<section class=\"elementor-section elementor-top-section elementor-element elementor-element-4ee5b0e elementor-section-boxed elementor-section-height-default elementor-section-height-default\" data-id=\"4ee5b0e\" data-element_type=\"section\">\n\t\t\t\t\t\t<div class=\"elementor-container elementor-column-gap-default\">\n\t\t\t\t\t\t\t<div class=\"elementor-row\">\n\t\t\t\t\t<div class=\"elementor-column elementor-col-100 elementor-top-column elementor-element elementor-element-9246bc5\" data-id=\"9246bc5\" data-element_type=\"column\">\n\t\t\t<div class=\"elementor-column-wrap elementor-element-populated\">\n\t\t\t\t\t\t\t<div class=\"elementor-widget-wrap\">\n\t\t\t\t\t\t<div class=\"elementor-element elementor-element-d7f648f elementor-aspect-ratio-169 elementor-widget elementor-widget-video\" data-id=\"d7f648f\" data-element_type=\"widget\" data-settings=\"{&quot;aspect_ratio&quot;:&quot;169&quot;}\" data-widget_type=\"video.default\">\n\t\t\t\t<div class=\"elementor-widget-container\">\n\t\t\t\t\t<div class=\"elementor-wrapper elementor-fit-aspect-ratio elementor-open-inline\">\n\t\t\t<iframe class=\"elementor-video-iframe\" allowfullscreen title=\"Lecteur vid\u00e9o youtube\" src=\"https:\/\/www.youtube.com\/embed\/TLWZdqXwzvg?feature=oembed&amp;start&amp;end&amp;wmode=opaque&amp;loop=0&amp;controls=1&amp;mute=0&amp;rel=0&amp;modestbranding=0\"><\/iframe>\t\t<\/div>\n\t\t\t\t<\/div>\n\t\t\t\t<\/div>\n\t\t\t\t\t\t<\/div>\n\t\t\t\t\t<\/div>\n\t\t<\/div>\n\t\t\t\t\t\t\t\t<\/div>\n\t\t\t\t\t<\/div>\n\t\t<\/section>\n\t\t\t\t<section class=\"elementor-section elementor-top-section elementor-element elementor-element-ed8c089 elementor-section-boxed elementor-section-height-default elementor-section-height-default\" data-id=\"ed8c089\" data-element_type=\"section\">\n\t\t\t\t\t\t<div class=\"elementor-container elementor-column-gap-default\">\n\t\t\t\t\t\t\t<div class=\"elementor-row\">\n\t\t\t\t\t<div class=\"elementor-column elementor-col-100 elementor-top-column elementor-element elementor-element-e5ccf86\" data-id=\"e5ccf86\" data-element_type=\"column\">\n\t\t\t<div class=\"elementor-column-wrap elementor-element-populated\">\n\t\t\t\t\t\t\t<div class=\"elementor-widget-wrap\">\n\t\t\t\t\t\t<div class=\"elementor-element elementor-element-5fb1962 elementor-aspect-ratio-169 elementor-widget elementor-widget-video\" data-id=\"5fb1962\" data-element_type=\"widget\" data-settings=\"{&quot;aspect_ratio&quot;:&quot;169&quot;}\" data-widget_type=\"video.default\">\n\t\t\t\t<div class=\"elementor-widget-container\">\n\t\t\t\t\t<div class=\"elementor-wrapper elementor-fit-aspect-ratio elementor-open-inline\">\n\t\t\t<iframe class=\"elementor-video-iframe\" allowfullscreen title=\"Lecteur vid\u00e9o youtube\" src=\"https:\/\/www.youtube.com\/embed\/RU7_v-82Wsk?feature=oembed&amp;start&amp;end&amp;wmode=opaque&amp;loop=0&amp;controls=1&amp;mute=0&amp;rel=0&amp;modestbranding=0\"><\/iframe>\t\t<\/div>\n\t\t\t\t<\/div>\n\t\t\t\t<\/div>\n\t\t\t\t\t\t<\/div>\n\t\t\t\t\t<\/div>\n\t\t<\/div>\n\t\t\t\t\t\t\t\t<\/div>\n\t\t\t\t\t<\/div>\n\t\t<\/section>\n\t\t\t\t<section class=\"elementor-section elementor-top-section elementor-element elementor-element-c911aff elementor-section-boxed elementor-section-height-default elementor-section-height-default\" data-id=\"c911aff\" data-element_type=\"section\">\n\t\t\t\t\t\t<div class=\"elementor-container elementor-column-gap-default\">\n\t\t\t\t\t\t\t<div class=\"elementor-row\">\n\t\t\t\t\t<div class=\"elementor-column elementor-col-100 elementor-top-column elementor-element elementor-element-6fd7675\" data-id=\"6fd7675\" data-element_type=\"column\">\n\t\t\t<div class=\"elementor-column-wrap elementor-element-populated\">\n\t\t\t\t\t\t\t<div class=\"elementor-widget-wrap\">\n\t\t\t\t\t\t\t\t<\/div>\n\t\t\t\t\t<\/div>\n\t\t<\/div>\n\t\t\t\t\t\t\t\t<\/div>\n\t\t\t\t\t<\/div>\n\t\t<\/section>\n\t\t\t\t<section class=\"elementor-section elementor-top-section elementor-element elementor-element-66e0668 elementor-section-boxed elementor-section-height-default elementor-section-height-default\" data-id=\"66e0668\" data-element_type=\"section\">\n\t\t\t\t\t\t<div class=\"elementor-container elementor-column-gap-default\">\n\t\t\t\t\t\t\t<div class=\"elementor-row\">\n\t\t\t\t\t<div class=\"elementor-column elementor-col-100 elementor-top-column elementor-element elementor-element-c336fe9\" data-id=\"c336fe9\" data-element_type=\"column\">\n\t\t\t<div class=\"elementor-column-wrap elementor-element-populated\">\n\t\t\t\t\t\t\t<div class=\"elementor-widget-wrap\">\n\t\t\t\t\t\t<div class=\"elementor-element elementor-element-731e8b7 elementor-widget elementor-widget-image\" data-id=\"731e8b7\" data-element_type=\"widget\" data-widget_type=\"image.default\">\n\t\t\t\t<div class=\"elementor-widget-container\">\n\t\t\t\t\t<div class=\"elementor-image\">\n\t\t\t\t\t\t\t\t\t\t<img width=\"768\" height=\"384\" src=\"https:\/\/4lconduite.yt\/wp-content\/uploads\/2022\/03\/1-1-768x384.png\" class=\"attachment-medium_large size-medium_large\" alt=\"\" loading=\"lazy\" srcset=\"https:\/\/4lconduite.yt\/wp-content\/uploads\/2022\/03\/1-1-768x384.png 768w, https:\/\/4lconduite.yt\/wp-content\/uploads\/2022\/03\/1-1-300x150.png 300w, https:\/\/4lconduite.yt\/wp-content\/uploads\/2022\/03\/1-1-1024x512.png 1024w, https:\/\/4lconduite.yt\/wp-content\/uploads\/2022\/03\/1-1-1536x768.png 1536w, https:\/\/4lconduite.yt\/wp-content\/uploads\/2022\/03\/1-1-2048x1024.png 2048w\" sizes=\"(max-width: 768px) 100vw, 768px\" \/>\t\t\t\t\t\t\t\t\t\t\t<\/div>\n\t\t\t\t<\/div>\n\t\t\t\t<\/div>\n\t\t\t\t\t\t<\/div>\n\t\t\t\t\t<\/div>\n\t\t<\/div>\n\t\t\t\t\t\t\t\t<\/div>\n\t\t\t\t\t<\/div>\n\t\t<\/section>\n\t\t\t\t\t\t<\/div>\n\t\t\t\t\t\t<\/div>\n\t\t\t\t\t<\/div>\n\t\t","protected":false},"excerpt":{"rendered":"<p>PLUSIEURS FORMATIONS OUVERTES AU FINANCEMENT via CPF COMPTE PERSONNEL FORMATION FORMATIONS OUVERTES AU FINANCEMENT CPF COMPTE PERSONNEL FORMATION COMPTE PERSONNEL FORMATION Le Compte personnel de formation (CPF) permet \u00e0 toute personne active, d\u00e8s son entr\u00e9e sur le march\u00e9 du travail et jusqu\u2019\u00e0 la date \u00e0 laquelle elle fait valoir l\u2019ensemble de ses droits \u00e0 la retraite, d\u2019acqu\u00e9rir des droits \u00e0 la formation mobilisables tout au long de sa vie professionnelle. L\u2019ambition du Compte personnel de formation (CPF) est ainsi de contribuer, \u00e0 l\u2019initiative de la personne elle-m\u00eame, au maintien de l\u2019employabilit\u00e9 et \u00e0 la s\u00e9curisation du parcours professionnel. Le Compte\u2026<\/p>\n","protected":false},"author":1,"featured_media":0,"parent":0,"menu_order":0,"comment_status":"closed","ping_status":"closed","template":"","meta":[],"blocksy_meta":{"styles_descriptor":{"styles":{"desktop":"","tablet":"","mobile":""},"google_fonts":[],"version":4}},"yoast_head":"<!-- This site is optimized with the Yoast SEO plugin v15.0 - https:\/\/yoast.com\/wordpress\/plugins\/seo\/ -->\n<title>Compte Personnel Formation - 4LConduite<\/title>\n<meta name=\"robots\" content=\"index, follow, max-snippet:-1, max-image-preview:large, max-video-preview:-1\" \/>\n<link rel=\"canonical\" href=\"https:\/\/4lconduite.yt\/index.php\/mon-compte-personnel-formation\/\" \/>\n<meta property=\"og:locale\" content=\"fr_FR\" \/>\n<meta property=\"og:type\" content=\"article\" \/>\n<meta property=\"og:title\" content=\"Compte Personnel Formation - 4LConduite\" \/>\n<meta property=\"og:description\" content=\"PLUSIEURS FORMATIONS OUVERTES AU FINANCEMENT via CPF COMPTE PERSONNEL FORMATION FORMATIONS OUVERTES AU FINANCEMENT CPF COMPTE PERSONNEL FORMATION COMPTE PERSONNEL FORMATION Le Compte personnel de formation (CPF) permet \u00e0 toute personne active, d\u00e8s son entr\u00e9e sur le march\u00e9 du travail et jusqu\u2019\u00e0 la date \u00e0 laquelle elle fait valoir l\u2019ensemble de ses droits \u00e0 la retraite, d\u2019acqu\u00e9rir des droits \u00e0 la formation mobilisables tout au long de sa vie professionnelle. L\u2019ambition du Compte personnel de formation (CPF) est ainsi de contribuer, \u00e0 l\u2019initiative de la personne elle-m\u00eame, au maintien de l\u2019employabilit\u00e9 et \u00e0 la s\u00e9curisation du parcours professionnel. Le Compte\u2026\" \/>\n<meta property=\"og:url\" content=\"https:\/\/4lconduite.yt\/index.php\/mon-compte-personnel-formation\/\" \/>\n<meta property=\"og:site_name\" content=\"4LConduite\" \/>\n<meta property=\"article:modified_time\" content=\"2025-04-08T06:13:55+00:00\" \/>\n<meta property=\"og:image\" content=\"https:\/\/4lconduite.yt\/wp-content\/uploads\/2022\/03\/cpf.png\" \/>\n<meta name=\"twitter:card\" content=\"summary_large_image\" \/>\n<script type=\"application\/ld+json\" class=\"yoast-schema-graph\">{\"@context\":\"https:\/\/schema.org\",\"@graph\":[{\"@type\":\"WebSite\",\"@id\":\"https:\/\/4lconduite.yt\/#website\",\"url\":\"https:\/\/4lconduite.yt\/\",\"name\":\"4LConduite\",\"description\":\"Accompagnateur de votre r\\u00e9ussite\",\"potentialAction\":[{\"@type\":\"SearchAction\",\"target\":\"https:\/\/4lconduite.yt\/?s={search_term_string}\",\"query-input\":\"required name=search_term_string\"}],\"inLanguage\":\"fr-FR\"},{\"@type\":\"ImageObject\",\"@id\":\"https:\/\/4lconduite.yt\/index.php\/mon-compte-personnel-formation\/#primaryimage\",\"inLanguage\":\"fr-FR\",\"url\":\"https:\/\/4lconduite.yt\/wp-content\/uploads\/2022\/03\/cpf.png\",\"width\":215,\"height\":214},{\"@type\":\"WebPage\",\"@id\":\"https:\/\/4lconduite.yt\/index.php\/mon-compte-personnel-formation\/#webpage\",\"url\":\"https:\/\/4lconduite.yt\/index.php\/mon-compte-personnel-formation\/\",\"name\":\"Compte Personnel Formation - 4LConduite\",\"isPartOf\":{\"@id\":\"https:\/\/4lconduite.yt\/#website\"},\"primaryImageOfPage\":{\"@id\":\"https:\/\/4lconduite.yt\/index.php\/mon-compte-personnel-formation\/#primaryimage\"},\"datePublished\":\"2022-04-20T00:21:03+00:00\",\"dateModified\":\"2025-04-08T06:13:55+00:00\",\"inLanguage\":\"fr-FR\",\"potentialAction\":[{\"@type\":\"ReadAction\",\"target\":[\"https:\/\/4lconduite.yt\/index.php\/mon-compte-personnel-formation\/\"]}]}]}<\/script>\n<!-- \/ Yoast SEO plugin. -->","_links":{"self":[{"href":"https:\/\/4lconduite.yt\/index.php\/wp-json\/wp\/v2\/pages\/1794"}],"collection":[{"href":"https:\/\/4lconduite.yt\/index.php\/wp-json\/wp\/v2\/pages"}],"about":[{"href":"https:\/\/4lconduite.yt\/index.php\/wp-json\/wp\/v2\/types\/page"}],"author":[{"embeddable":true,"href":"https:\/\/4lconduite.yt\/index.php\/wp-json\/wp\/v2\/users\/1"}],"replies":[{"embeddable":true,"href":"https:\/\/4lconduite.yt\/index.php\/wp-json\/wp\/v2\/comments?post=1794"}],"version-history":[{"count":12,"href":"https:\/\/4lconduite.yt\/index.php\/wp-json\/wp\/v2\/pages\/1794\/revisions"}],"predecessor-version":[{"id":1947,"href":"https:\/\/4lconduite.yt\/index.php\/wp-json\/wp\/v2\/pages\/1794\/revisions\/1947"}],"wp:attachment":[{"href":"https:\/\/4lconduite.yt\/index.php\/wp-json\/wp\/v2\/media?parent=1794"}],"curies":[{"name":"wp","href":"https:\/\/api.w.org\/{rel}","templated":true}]}}